 when 32821 is divided by 1174?
1123
What is the remainder when 145935 is divided by 12010?
1815
Calculate the remainder when 5200030 is divided by 16.
14
Calculate the remainder when 294546 is divided by 638.
428
What is the remainder when 4599762 is divided by 229987?
22
What is the remainder when 70795 is divided by 3461?
1575
Calculate the remainder when 255630 is divided by 16.
14
What is the remainder when 5516815 is divided by 21383?
1
Calculate the remainder when 954586 is divided by 954351.
235
What is the remainder when 21863 is divided by 5305?
643
What is the remainder when 1256763 is divided by 157095?
3
What is the remainder when 31466 is divided by 2702?
1744
What is the remainder when 298185 is divided by 297999?
186
What is the remainder when 94270589 is divided by 84852?
17
Calculate the remainder when 2267294 is divided by 755602.
488
Calculate the remainder when 781229 is divided by 1648.
77
Calculate the remainder when 196534 is divided by 3929.
84
What is the remainder when 4746499 is divided by 798?
793
Calculate the remainder when 21159899 is divided by 459.
458
What is the remainder when 39027 is divided by 239?
70
Calculate the remainder when 17021522 is divided by 100.
22
Calculate the remainder when 6999 is divided by 3386.
227
What is the remainder when 595538 is divided by 134?
42
Calculate the remainder when 401888 is divided by 79963.
2073
Calculate the remainder when 80459632 is divided by 1020.
1012
What is the remainder when 21340686 is divided by 7?
3
Calculate the remainder when 1143675 is divided by 238.
85
What is the remainder when 99952486 is divided by 35?
11
Calculate the remainder when 8068710 is divided by 1344782.
18
What is the remainder when 50711 is divided by 3250?
1961
What is the remainder when 2673371 is divided by 51?
2
What is the remainder when 86426 is divided by 28806?
8
Calculate the remainder when 287947 is divided by 23.
10
What is the remainder when 130877 is divided by 9315?
467
What is the remainder when 7781857 is divided by 2413?
2345
What is the remainder when 24507570 is divided by 907687?
21
What is the remainder when 5312566 is divided by 39?
25
What is the remainder when 2745342 is divided by 55?
17
What is the remainder when 2905120 is divided by 2751?
64
Calculate the remainder when 299139 is divided by 225.
114
Calculate the remainder when 1532744 is divided by 22.
4
What is the remainder when 1616628 is divided by 157?
156
Calculate the remainder when 176678 is divided by 25238.
12
What is the remainder when 7220092 is divided by 2574?
22
Calculate the remainder when 36084845 is divided by 3273.
20
What is the remainder when 155239427 is divided by 2339?
2336
What is the remainder when 768169 is divided by 7308?
829
Calculate the remainder when 67011 is divided by 1428.
1323
What is the remainder when 4454554 is divided by 4944?
10
Calculate the remainder when 27591780 is divided by 16.
4
What is the remainder when 98272 is divided by 97828?
444
Calculate the remainder when 5628451 is divided by 402031.
17
Calculate the remainder when 19003 is divided by 76.
3
What is the remainder when 24197295 is divided by 1271?
1268
Calculate the remainder when 486662749 is divided by 2476.
2473
Calculate the remainder when 1021480 is divided by 25537.
0
Calculate the remainder when 118761 is divided by 338.
123
Calculate the remainder when 883114 is divided by 4.
2
Calculate the remainder when 46503 is divided by 180.
63
What is the remainder when 51078 is divided by 20?
18
What is the remainder when 171702232 is divided by 237?
235
What is the remainder when 5366169 is divided by 214?
119
Calculate the remainder when 294884 is divided by 48856.
1748
Calculate the remainder when 7313412 is divided by 35.
22
What is the remainder when 5446143 is divided by 37?
2
What is the remainder when 534177 is divided by 432?
225
What is the remainder when 34797 is divided by 382?
35
Calculate the remainder when 98750193 is divided by 682.
3
Calculate the remainder when 12430 is divided by 5832.
766
Calculate the remainder when 108612665 is divided by 1810.
1805
What is the remainder when 727171 is divided by 2301?
55
Calculate the remainder when 29012000 is divided by 368.
352
What is the remainder when 234679 is divided by 11172?
67
Calculate the remainder when 19651732 is divided by 197.
194
What is the remainder when 49793082 is divided by 103?
101
What is the remainder when 3989 is divided by 3725?
264
Calculate the remainder when 15608016 is divided by 581.
32
Calculate the remainder when 801420 is divided by 799215.
2205
What is the remainder when 35711 is divided by 3470?
1011
Calculate the remainder when 719409 is divided by 11990.
9
Calculate the remainder when 11156939 is divided by 485.
484
What is the remainder when 2880821 is divided by 253?
163
What is the remainder when 93639757 is divided by 1300552?
13
What is the remainder when 180746 is divided by 19?
18
Calculate the remainder when 51387 is divided by 12484.
1451
Calculate the remainder when 10511171 is divided by 56.
27
What is the remainder when 1432708 is divided by 1432702?
6
What is the remainder when 489649 is divided by 97920?
49
What is the remainder when 124955 is divided by 24500?
2455
What is the remainder when 62200644 is divided by 154344?
12
Calculate the remainder when 515852 is divided by 274.
184
What is the remainder when 137596721 is divided by 25?
21
What is the remainder when 41348 is divided by 20168?
1012
What is the remainder when 404992 is divided by 101222?
104
Calculate the remainder when 17787702 is divided by 12.
6
Calculate the remainder when 3976529 is divided by 26.
11
What is the remainder when 429593 is divided by 1470?
353
What is the remainder when 1623507 is divided by 29?
0
Calculate the remainder when 216393 is divided by 413.
394
Calculate the remainder when 3178 is divided by 1130.
918
Calculate the remainder when 382382143 is divided by 13072.
13071
What is the remainder when 368686231 is divided by 12430?
1
Calculate the remainder when 3013225 is divided by 2119.
7
Calculate the remainder when 1912594 is divided by 212506.
40
What is the remainder when 37107 is divided by 12000?
1107
What is the remainder when 34408 is divided by 4131?
1360
Calculate the remainder when 27388390 is divided by 37.
28
Calculate the remainder when 51692849 is divided by 7384683.
68
Calculate the remainder when 3734401 is divided by 102.
79
Calculate the remainder when 660258490 is divided by 45.
40
What is the remainder when 10617 is divided by 630?
537
What is the remainder when 412689 is divided by 1517?
65
Calculate the remainder when 13309505 is divided by 6.
5
Calculate the remainder when 65290699 is divided by 41853.
19
What is the remainder when 1435642 is divided by 53169?
79
Calculate the remainder when 16678194 is divided by 136.
106
Calculate the remainder when 11993471 is divided by 3997793.
92
Calculate the remainder when 694035997 is divided by 3500.
3497
What is the remainder when 1411262 is divided by 100804?
6
What is the remainder when 457849 is divided by 114425?
149
What is the remainder when 141750 is divided by 6450?
6300
Calculate the remainder when 9183349 is divided by 21.
7
Calculate the remainder when 2118880 is divided by 455.
400
Calculate the remainder when 68374 is divided by 5587.
1330
Calculate the remainder when 8316490 is divided by 29283.
118
Calculate the remainder when 207283 is divided by 1905.
1543
Calculate the remainder when 36257694 is divided by 34.
26
Calculate the remainder when 13558166 is divided by 46432.
22
What is the remainder when 97162 is divided by 641?
371
Calculate the remainder when 61708484 is divided by 7106.
7086
Calculate the remainder when 330322 is divided by 285.
7
Calculate the remainder when 189760251 is divided by 1730.
11
What is the remainder when 1780909 is divided by 102?
91
What is the remainder when 912849 is divided by 106?
83
What is the remainder when 5325100 is divided by 50?
0
Calculate the remainder when 54092 is divided by 4157.
51
What is the remainder when 25899276 is divided by 22?
18
What is the remainder when 55213431 is divided by 1917?
1914
Calculate the remainder when 29280 is divided by 1245.
645
What is the 